-z + 10. Let v = z + 8. List the prime factors of v.
2
Let r(i) be the third derivative of 0 + 0*i**4 + 1/2*i**3 + 2*i**2 + 1/60*i**5 + 0*i. What are the prime factors of r(-3)?
2, 3
Let h(y) = y**2 + 11*y + 12. What are the prime factors of h(-10)?
2
Let h = -8 + 8. Suppose h = -3*d + 3 + 27. List the prime factors of d.
2, 5
What are the prime factors of ((-35)/(-20) - 1) + (-402)/(-8)?
3, 17
List the prime factors of ((-28)/(-6) - 1)/((-4)/(-72)).
2, 3, 11
Let j(m) = -m**2 - 3. Let l be j(0). List the prime factors of (-1 + 36)*l/(-3).
5, 7
Suppose 4*s - 4*l - 9 = -1, 2*s - 8 = 4*l. Suppose -q = -3*k + 3, -q - k + 4 + 1 = s. List the prime factors of q.
3
Let d = -41 - -107. Suppose d - 23 = o. What are the prime factors of o?
43
Let q(c) = -5*c + 11. Let u(p) = -4*p + 10. Let f(n) = -5*q(n) + 6*u(n). Let v be f(0). Suppose -i - 3 = -v*a, 3*a = 3*i + 1 - 4. List the prime factors of i.
2
List the prime factors of 2/(-1 + (-186)/(-182)).
7, 13
Let d be 1/2*-2 + 1. Suppose -4*g = -3*w - 2*g + 34, d = -3*g + 12. List the prime factors of w.
2, 7
Suppose q - 4 = 2*q. Let l(v) = -v**2 - v - 3. Let g(j) = j**2 + j + 3. Let c(m) = 6*g(m) + 5*l(m). What are the prime factors of c(q)?
3, 5
Suppose 0 = 5*b - 10, -3*d + 4 + 193 = -5*b. List the prime factors of d.
3, 23
List the prime factors of (-8)/(1 - -1)*-9.
2, 3
Suppose -5*q - 5*m + 45 = 0, 3*q + 4*m - 9*m - 27 = 0. Suppose -6*i = -3*i - q. List the prime factors of 0 - ((2 - i) + -5).
2, 3
Let k(d) = d**2 - 2*d. Let p be k(3). Let y(h) = -1 + 3 - 7*h - p. List the prime factors of y(-3).
2, 5
Suppose 0 = -2*h - 4*h + 300. List the prime factors of h.
2, 5
What are the prime factors of ((55/10 - 4) + -3)*-244?
2, 3, 61
Suppose 6*s - s + 2*x - 28 = 0, s = -5*x + 24. Suppose 40 + s = 4*k. List the prime factors of k.
11
What are the prime factors of (-336)/(-8) - (-2 + 0)?
2, 11
Suppose 4*v + 9 - 107 = -2*t, -2*v - 86 = -2*t. Let a = -29 + t. What are the prime factors of a?
2
Suppose -4*b - 4*g + 60 = 0, -2*g + 12 = -6*g. Let a = 64 - 61. Suppose -u = -a*u + b. List the prime factors of u.
3
Let a(j) = -2*j**2 + 130. List the prime factors of a(0).
2, 5, 13
Suppose -9*l + 7*l = -208. What are the prime factors of l?
2, 13
Suppose 20 = 8*b - 3*b. Suppose -4*t + 91 = 3*j, 3*j = b*t + 2*j - 71. What are the prime factors of t?
19
Suppose 5*i = 0, -i = m - 0*m - 294. What are the prime factors of m?
2, 3, 7
Let g = -6 + 10. Let x be 40*((-3)/5 - -1). Suppose -x = w - 0*w - g*d, -5*d = -25. List the prime factors of w.
2
What are the prime factors of (-9)/3 - -8 - -3?
2
Suppose -2*s + 14 = 2*g, -4*s + 4*g = -5 + 17. List the prime factors of (-184)/(-16) - s/(-4).
2, 3
Let g = 365 + -197. What are the prime factors of g?
2, 3, 7
Suppose 2*o + 3*o = 10. List the prime factors of o.
2
Let n be -2*(-2)/(-4)*-5. Let m be (-1)/2*2 - -18. Suppose n = -3*k + m. What are the prime factors of k?
2
Let c be (84/10)/((-9)/(-60)). Let g = c - 30. Let a = 38 - g. What are the prime factors of a?
2, 3
Suppose 0 = 2*q - 5*q + 6. Suppose -2*u = -q*f + 4*f - 8, -4*u + 4*f = 8. List the prime factors of -19*(u - (-6)/(-3)).
19
Let l(f) = 4*f**2 - f + 1. What are the prime factors of l(5)?
2, 3
Suppose -5*y - 262 = -2*i + 92, 0 = 4*y + 3*i + 274. Let c = y - -125. What are the prime factors of c?
5, 11
Suppose 59*r - 62*r + 384 = 0. What are the prime factors of r?
2
Let b be ((-6)/4)/((-4)/(-24)). Let p(n) = -n**2 - 9*n + 7. What are the prime factors of p(b)?
7
Let m be -17*(-1 - (-2)/1). What are the prime factors of 6 - 3 - 1*m?
2, 5
Suppose 0 = -2*d + d + 30. Let i = d - 15. List the prime factors of i.
3, 5
List the prime factors of (30/(-25))/((-4)/30).
3
Let n(m) = 12*m**2 + 3*m. List the prime factors of n(-2).
2, 3, 7
Let n = 48 - -6. What are the prime factors of n?
2, 3
Suppose -4*s - 2*o + 20 = -4*o, 0 = -4*s - 2*o + 20. Suppose 4*u + 64 = 4*z, s*z = 4*u + 11 + 71. What are the prime factors of z?
2, 3
Let j = -83 - -163. What are the prime factors of j?
2, 5
Let m be (-2)/8 - 7208/(-32). Suppose m = 5*q - 5*z - 0*z, 4 = -z. List the prime factors of q.
41
Suppose 3*x + 9 = m - 2*x, 1 = 5*m - 3*x. Let a(n) = -8*n**3 - 2*n**2 - 2*n - 1. What are the prime factors of a(m)?
7
Let w = -1 - -5. Let g = 2 - w. List the prime factors of (g/3)/(4/(-54)).
3
Let q(m) = -m**3 + 3*m - 2. Let y be q(2). List the prime factors of y/(-2) + -4 + 5.
3
Suppose -13*x = -5*x - 40. List the prime factors of x.
5
Suppose -2*n - 4*a + 196 = a, n = -5*a + 98. What are the prime factors of n?
2, 7
Suppose 3*n = -3*p - p + 48, p + 5*n = 12. Suppose -5*i = -i - p. List the prime factors of (12 - 7) + (i - 1).
7
Let b be 11/(-44) - (-25)/4. List the prime factors of (-95)/(-2) - b/(-4).
7
Let m(y) = 31*y**2 - 2*y - 1. Let z = -14 - -13. List the prime factors of m(z).
2
Let q be (0 + (-39)/(-6))*16. Suppose 5*m = m + q. What are the prime factors of m?
2, 13
Let i = 26 + -3. Let f = i - 86. What are the prime factors of 6/8 - f/28?
3
Suppose -5 = r + 1. Let t = r + 0. List the prime factors of (-2)/6 - 44/t.
7
Let f(m) = m**2 + 4*m - 5. What are the prime factors of f(5)?
2, 5
Let x(h) = -h**3 + 8*h**2 + 2*h. Let b be x(8). Suppose n = -0*n + b. List the prime factors of n.
2
Let o be -2 + (2 + 0 - -1). Let d(s) = 7*s**3 + 2*s**2 - 2*s + 1. List the prime factors of d(o).
2
Let n(q) = -q**2 - q + 1 + 4 - 11*q. Let x = -41 - -29. What are the prime factors of n(x)?
5
Suppose -3*d - 117 = -2*v, -d = -2*v + 4*d + 119. What are the prime factors of v?
3, 19
Let n(o) = -2*o + 19. List the prime factors of n(8).
3
Let v = 1 + -4. Let c(b) = b**2 + 8*b - 9. Let w(u) = u**2 + 8*u - 10. Let f(r) = v*c(r) + 2*w(r). List the prime factors of f(-8).
7
Let d(n) = n**3 + n**2 - n + 11. Let s = -14 + 20. Let q = -6 + s. What are the prime factors of d(q)?
11
Let l(w) = 9*w**3 + w**2. Let u be l(-1). Let b be (-2)/u + 3/4. List the prime factors of 6 - (-1)/b*1.
7
Let h = -79 - -116. List the prime factors of h + -2 + 12/3.
3, 13
Let c = 17 - -9. What are the prime factors of 2 + c + 4/(-4)?
3
Let j = -28 - -50. Let c be (-4)/j - 180/(-22). List the prime factors of 140/18 + c/36.
2
Suppose -6*o + 112 + 146 = 0. List the prime factors of o.
43
Suppose 3*j + 1 = -4*g - 0*g, 0 = 4*g - 3*j - 17. Suppose -g*n + 9 - 3 = 0. List the prime factors of -2 - (-4 + 2)*n.
2
Suppose 2*r + 6 = 4*r. Let w(t) = 9*t - 7. What are the prime factors of w(r)?
2, 5
Suppose q + 0*q = -14. List the prime factors of q/(-8)*(-1 - -5).
7
List the prime factors of (-1 + (-163)/(-5))*(-4 + 9).
2, 79
Suppose -b + r + 35 = -2*r, -2*b + r + 75 = 0. List the prime factors of b.
2, 19
Suppose -120 = -3*g - 2*g. Let y = g + -12. What are the prime factors of y?
2, 3
Suppose 53 = -5*c - 2*d, 3*c + 1 + 14 = 3*d. What are the prime factors of (4/(-2))/(c/126)?
2, 7
Let l(w) = w - 3. Let y be l(11). Let h = y + 3. What are the prime factors of h?
11
Let r(s) = -s + 10. What are the prime factors of r(-5)?
3, 5
Let q = 216 - -189. What are the prime factors of q?
3, 5
Suppose -o - 7 = 5*l, 0*l = 2*o + 5*l - 6. Suppose -4*w - 17 = -w + 2*k, -2*w + 4*k = 22. Let n = w + o. List the prime factors of n.
2, 3
Let z = 39 - 27. What are the prime factors of z/1*63/27?
2, 7
Suppose 4*y - 1104 = 4*l, -5*l = -5*y - 9*l + 1344. List the prime factors of y.
2, 17
Let z be 8 - (2 - 0) - 1. Let v = z + -6. List the prime factors of 0 + 1 + v + 12.
2, 3
Let m(q) = 36*q**3 - q**2 - 2*q + 2. What are the prime factors of m(2)?
2, 3, 47
Let r(b) = -b**3 - 4*b**2 + 4*b + 6. Suppose 0 = -3*z - 16 + 1. List the prime factors of r(z).
11
Suppose -l + p - 3*p + 359 = 0, -3*l - 3*p + 1074 = 0. What are the prime factors of l?
3, 7, 17
Let s(d) = -3*d - 1. What are the prime factors of s(-1)?
2
Let b(t) = 3*t**2 + 5*t + 6. What are the prime factors of b(-8)?
2, 79
Let g(f) = f**2 + 5*f - 2. Let p be g(-6). Suppose 2*v - p = v. What are the prime factors of v?
2
Suppose 0 = -c + 5*c - 8. Let n = c + 0. List the prime factors of n.
2
Let w be -2 - (3/3 + -34). Suppose 3*l + 4*i - 84 + w = 0, 2*i - 49 = -3*l. List the prime factors of l.
3, 5
Let w(t) = t**2 + 7*t - 5. Let f be w(-7). Let v = -4 - f. What are the prime factors of 2*(v - -1) - 1?
3
Let j = -200 - -350. Suppose 5*f + j = 3*b, b + 20 - 70 = -2*f.